3 - 8 + m + 4 - 253*m**3 + 4 + 0*m**2 - 6*m**2. Calculate v(h).
-4
Let q(r) = -r**2 - 4*r + 5. Let i(w) be the third derivative of 7*w**4/24 - 127*w**3/6 + 7*w**2 + 2. Let p be i(17). What is q(p)?
-27
Let o = 7790 + -7790. Let t(r) = r**2 - r - 103. What is t(o)?
-103
Suppose -24*m + 14*m = -20. Suppose -3*p + 0*d + m*d = -12, 0 = -2*p - 4*d + 24. Let k(v) = v**3 - 6*v**2 - 2. Calculate k(p).
-2
Let l(b) be the second derivative of -b**5/60 + 3*b**4/8 - b**3/3 - 7*b**2/2 - 4*b. Let v(q) be the first derivative of l(q). Let n = -3 - -11. What is v(n)?
6
Let x(n) = 3*n**3 + 3*n + 1 - n**2 - 5*n**3 + 3*n**3 - n. Suppose -5*m + 17 = -13. Let z(c) = c**3 - 5*c**2 - 34. Let k be z(m). Calculate x(k).
9
Let c(n) = -n - 2. Let z be c(-9). Suppose -21 = -7*f - z. Suppose -5*i + 7*i - f = 0. Let p(d) = -6*d**2 + d. What is p(i)?
-5
Let f be (-4)/(-7) - (-148)/(-259). Let z(y) be the third derivative of f + 0*y - 1/120*y**6 + 1/30*y**5 + 1/24*y**4 + 7*y**2 - 2/3*y**3. Determine z(3).
-10
Let h(f) = -4*f + 52. Suppose -372 = 4*n - 428. What is h(n)?
-4
Let a(o) = o**3 + 9*o**2 - 23*o - 17. Let s be ((-110)/(5 - 7)*1/5)/(-1). Determine a(s).
-6
Let r(f) = -12*f**3 - 17*f**2 + 5*f + 10. Let l(p) = -5*p**3 - 7*p**2 + 3*p + 5. Let t(c) = -5*l(c) + 2*r(c). Calculate t(-3).
-8
Let t(r) = r**3 - 2*r**2 - 4*r + 2. Let c(y) = y**3 + 2*y - 7*y + 2*y - 3 + 4 - y**2. Let p(v) = -3*c(v) + 2*t(v). Suppose -562*l = -496*l + 198. What is p(l)?
16
Let d(k) = -2*k**2 + 18*k + 326. Let g be d(18). Let p(v) = 9*v**2 + v - 2. What is p(g)?
36
Let q(x) = -18*x**2 + x. Let f(p) = 160*p**2 - p - 19. Let i(y) = -f(y) - 9*q(y). Calculate i(6).
43
Let r(g) be the first derivative of g**2 + 10*g + 13. Suppose -l - 2*o - 15 + 3 = 0, 12 = -3*o. Let u be (-3)/1 + l + 0. What is r(u)?
-4
Suppose -2*q = -5*z + 6, -22*q + 19*q = -4*z + 2. Let v(k) = 6*k + k**3 + 165*k**z - 83*k**2 - 76*k**2. Give v(-4).
8
Let l(a) = -4*a - 8. Let z be l(-4). Suppose 3*j - 14 + z = 0, h = 3*j - 1. Let v(c) = -h - 349*c**3 + 4 + 3*c + 348*c**3 - 3*c**2. Give v(-4).
3
Let w(q) = q - 3. Let i be (4/6)/((-14)/(-63)). Let j be (-1 + 4)/i*0. What is w(j)?
-3
Let d(b) = b**3 + 231*b - 146*b - 95*b - 37 - 3. Determine d(0).
-40
Let s(q) = q**2 + q - 10. Let m be s(-3). Suppose -16 = -0*l - 8*l. Let u(w) = 3*w - 2*w**l + 34*w**3 - 35*w**3 + 2*w + 2. Determine u(m).
14
Suppose -4*c - 10*l = 2, 397 - 410 = -5*c + 3*l. Let i(d) = d**2 + 1. Let j(y) = 8*y**2 - 4*y + 3. Let p(s) = 3*i(s) - j(s). Determine p(c).
-12
Let p(b) = -12 + 29 - 21 - 2*b. Suppose 14*k = 15*k + 4, 14 = u - 5*k. Determine p(u).
8
Let k(x) be the first derivative of x**4/4 - 7*x**3/3 - 3*x**2/2 - 5*x + 199. Let d(b) = b**3 - 35*b**2 + 33*b + 41. Let y be d(34). What is k(y)?
-26
Let o(z) be the third derivative of -z**6/360 + 7*z**5/120 + 23*z**4/4 - 11*z**2 - 2*z. Let m(f) be the second derivative of o(f). Calculate m(-6).
19
Suppose -4*y = -0*y + v - 11, y - v = 4. Let a be y*1655/75 + 1/(-5). Let j = a + -63. Let l(z) = -2*z + 4. What is l(j)?
-2
Let i(v) = 10*v**2 + 4. Let f(y) = -37*y**2 - y - 13. Let s(j) = -3*f(j) - 11*i(j). Let b be (-3 + -1)/4 + 6. What is s(b)?
35
Let i(n) = 3*n - 1. Let b(x) = -2*x + 1. Let y(h) = 7*b(h) + 5*i(h). Let o be y(5). Suppose -3*q - 3*a = 3, -4*a - o = 1. Let v(f) = -5*f - 1. Determine v(q).
-6
Let k(a) = a - 9. Suppose -6*i + 11*i + 40 = 0. Let r be (2 - 27/(-12))/((-2)/i). Suppose n + 8 = 5*n + 4*l, -r = -n + 2*l. Give k(n).
-2
Let j(f) = -2*f. Let a = 666 - 733. Let z be -3*22 - -1*3. Let l = a - z. What is j(l)?
8
Let i(x) = -2*x**3 + 3*x**2 - 6*x - 4. Let a = 59 + -55. Let q(l) = 3*l**3 - 2*l**2 + 6*l + 5. Let h(b) = a*i(b) + 3*q(b). Let u be (7/2)/(2/(-4)). Give h(u).
-8
Let g(s) = 10*s + 58. Let l be g(-5). Let a(z) = -5521*z**2 - 1 + l + 5522*z**2. Determine a(0).
7
Let v(h) be the first derivative of -h**2/2 - 3*h + 80828. Suppose 0 = f + 4*u - 7 - 0, 0 = 5*u. Suppose 2*z + 2*s = -14, 4*z + 34 = -3*s + f. Determine v(z).
3
Let l(o) = -3*o - 2. Let t(f) = -4*f**3 + 14*f**2 + 17*f + 16. Let r(y) = -5*y**3 + 14*y**2 + 18*y + 16. Let w(b) = -3*r(b) + 4*t(b). Let m be w(15). Give l(m).
-5
Let h(z) = 8*z + 4. Let v = -3 - 11. Let n = 33 - v. Let d = n + -50. Determine h(d).
-20
Let t(s) = 4*s - 1. Suppose m + 3*r + 22 = 0, -2*r + 80 = -3*m + 3*r. Let b be 1 - 5/m*-15. Determine t(b).
-9
Let a(d) = -23*d**2 + 15*d - 18. Let k(c) = 44*c**2 - 29*c + 34. Let f(h) = 19*a(h) + 10*k(h). Calculate f(-2).
20
Let z(s) = -s**2 - 30*s - 52. Let m be z(-28). Let d(v) = -v**3 + 2*v**2 + 3*v + 3. What is d(m)?
-17
Let r(n) = n. Let f(t) = -t + 11. Let z(m) = -m + 12. Let h(d) = -5*f(d) + 6*z(d). Let o be h(17). Let b be 8 + 4/(-16)*o. Determine r(b).
8
Let n = -3080 - -3068. Let d(a) = a**2 + 16*a + 16. What is d(n)?
-32
Let m(a) = -a**2 + 3*a - 5. Let j be 30/105 - (-1)/(7/19). Let l be (6 - j)/((-6)/(-10)). Determine m(l).
-15
Let b(a) = 5*a**3 - 17*a**2 - 4*a + 13. Let f(y) = -14*y**3 + 50*y**2 + 11*y - 39. Let n(r) = -17*b(r) - 6*f(r). Suppose -55*k + 5*k = 550. What is n(k)?
-9
Let s(j) be the second derivative of -3*j**3/2 + 5*j**2/2 + 3*j. Let c be (45/51 + -1)/((-26)/442). What is s(c)?
-13
Let m(q) = -46*q**2 - q. Suppose -9952*f + 7 = -9945*f. What is m(f)?
-47
Let b(n) = 2*n + 20. Suppose 0 = -4*q - 5*c, -q + c = 3 + 6. Calculate b(q).
10
Let c be 4/(-14) + (-30)/(-7). Let n(z) = -z - 5. Let i(j) = -8*j - 35. Let p(d) = -i(d) + 6*n(d). Calculate p(c).
13
Let c(l) = -l**2 + 34*l - 202. Suppose m = 4*h + 30 - 63, 0 = 2*h - 3*m - 19. Determine c(h).
6
Let m(q) = -6*q**2 + 31*q - 19. Let r(n) = -11*n**2 + 58*n - 36. Let a(c) = 9*m(c) - 5*r(c). Calculate a(5).
-21
Suppose 0 = u + v - 5, -3*v + 9 = -0*v. Suppose u*l - 3*l - 15 = -4*b, 2*l + 14 = 4*b. Let o(k) = -k + 1. Determine o(l).
0
Let g(s) = -s**3 - 4*s**2 - 1. Suppose w = v + 3*v + 12, -v + 30 = 8*w. Calculate g(v).
-9
Let p(m) = 2*m**2 - 8*m + 10. Let b = 413 - 338. Let i be 3/2 - 0 - b/(-30). Give p(i).
10
Suppose 0 = p + 4*k - 36, 4*k - 8*k - 44 = -3*p. Suppose c = -12 + p. Let w(q) be the second derivative of -q**3/3 + 6*q**2 + q. Calculate w(c).
-4
Let c(p) = p - 3. Suppose 36*j = 2*g + 46*j + 8, 5*j = 5*g + 20. What is c(g)?
-7
Let f(t) = t + 6. Let h be f(-10). Let w(g) = -166*g + 217*g + g**2 - 47*g. Give w(h).
0
Suppose -14*h + 1151 = 1011. Let b(z) = z**3 - 9*z**2 - 6*z - 4. What is b(h)?
36
Let y(p) = -p**3 + 7*p**2 + 849*p - p**3 - 851*p - 11 + 7. Determine y(4).
-28
Let s(z) = z + 2. Let f(h) = h**2 + 2*h + 3. Suppose -18 = -136*v + 142*v. Let w(g) = v*s(g) + 2*f(g). Determine w(1).
3
Let t = 8 - 5. Let d(v) = -1 - 3 + 8 - v**3 + 3*v + 2*v**t - 3*v**2. Calculate d(4).
32
Suppose -5 = -l + i, -4*i = 2*l - 15 + 59. Let h(c) = c**2 + 8*c + 13. Calculate h(l).
-3
Let a(b) = b**3 + 533*b + 3 + 6*b**2 + 538*b - 1083*b + 5*b**2. Let g(r) = -4*r**2 - r + 2. Let y be g(-2). Calculate a(y).
3
Let p(w) = 5*w**2 - 71*w + 141. Let c be p(12). Let s(q) = -q**2 + 8*q + 4. What is s(c)?
-5
Let b(w) be the second derivative of 0 - 5/6*w**3 - 1/20*w**5 - 19/2*w**2 + 2/3*w**4 + 201*w. What is b(7)?
-5
Let t = -8414 + 8411. Let m(o) = -6*o**2 - 9*o + 4. What is m(t)?
-23
Let f(t) = t. Let b(u) = 4 + 6*u - 4 + u**2 + 7*u + 3. Let a(x) = -b(x) + 6*f(x). Suppose 0 - 6 = g. Determine a(g).
3
Let h(a) be the second derivative of -a**5/60 - 3*a**4/8 + 11*a**3/6 - 81*a**2/2 + 64*a. Let l(k) be the first derivative of h(k). Give l(-9).
11
Let n(v) = 2*v + 45. Suppose 4*q - 14 = -5*w - 170, 0 = 4*q + 16. What is n(w)?
-11
Let l = -125 - -127. Let u(p) = 0 + 6 + 11*p + 3*p**l - 15*p - 4. Suppose 2*b = 0, 4*q + 3*b - 1 = 7. Calculate u(q).
6
Let q(u) = -u**2 - 6*u - 12*u - 6*u + 23*u - 4*u - 8. Suppose 3*t - 4*t = 4*l, t - 5 = l. Suppose 0 = t*w - 4 + 28. What is q(w)?
-14
Let j(b) = b**3 - b - 52. Let h = -3324 + 3324. Determine j(h).
-52
Let s(b) = -5*b + 16. Let h be 6 + ((-1364)/713 - (-2)/(-23)). Give s(h).
-4
Suppose 0 = 2*u - 13 + 11. Let f(y) = 11*y - 2. Let v be f(u). Let g(x) = x**2 - 6*x - 9. Determine g(v).
18
Let h(a) = -6*a**2 + a. Suppose 0 = -2*q + q + 12. Suppose 4*z - 4 = q. Suppose z*f - 8 = -3*y, -4*f + 7 + 5 = 4*y. Determine h(f).
-7
Let c(j) = j**2 - 15*j - 20. Suppose -53 = 27*p + 298. Let w = p + 29. Calculate c(w).
-4
Let j(c) = 7*c - 6*c**2 + 12*